 f(l) = -l**3 + 6*l**2 + 6*l + 8. Let g(o) = -o - 1. Let c(r) = -f(r) - 6*g(r). Let w = -26 + 11. Let a be 27*(-5)/w*4/6. What is c(a)?
-2
Let l(t) be the second derivative of t**4/12 - t**3/2 + t**2/2 + 10*t. Let v(p) = p**3 - 5*p**2 + 5*p - 1. Let d be v(4). Suppose -2*h = -d - 7. Give l(h).
11
Let r(a) = -2*a + 5. Suppose k + 2*q = 4*k + 30, -2*k = -4*q + 20. Let u = k + 15. Determine r(u).
-5
Let h(r) = -r + 3. Suppose 9*y - 2 + 47 = 0. Determine h(y).
8
Let t be 4 + -2 + 1*3. Let v(s) = s + s - s + t*s. What is v(-1)?
-6
Suppose 3*l = 12*l + 27. Let s(b) = -2*b**2 - 3*b - 6. What is s(l)?
-15
Let o be -4*(-12)/(-2)*(-19)/(-76). Let u(f) = -f**3 - 8*f**2 - 12*f - 5. Give u(o).
-5
Let h(g) = -19*g**2 - 14*g**2 - 21*g**2 - 14*g**2 - 2*g + 67*g**2. Let j be 256/44 + (-6)/(-33). Let r be 18/(-4) + j/4. Calculate h(r).
-3
Let u(v) = -v**2 + 6*v - 5. Let x(l) = -2*l**2 + 11*l - 9. Let z(m) = -7*u(m) + 4*x(m). Calculate z(3).
-4
Let o(n) = -3*n**2 + n + 1. Let f be o(2). Let c be (f/6)/(12/(-40)). Suppose q - 7 = -c. Let u(b) = b**2 - 4*b + 3. Calculate u(q).
-1
Let x(v) be the second derivative of v**5/20 + 7*v**4/12 + 2*v**3/3 - v**2/2 - 116*v. What is x(-3)?
23
Suppose -5*u - q + 30 = 0, -15*u + 14*u - 2*q + 15 = 0. Let n(v) = v**2 - 7*v. Give n(u).
-10
Let k(u) be the first derivative of -u**3/3 - 5*u**2/2 + 2*u + 1. Let q(a) = -8*a**2 - 166*a + 38. Let s be q(-21). Determine k(s).
6
Let f(h) be the third derivative of h**5/60 + h**4/8 - h**3/2 - 29*h**2 + h. What is f(0)?
-3
Let s(y) be the third derivative of 3*y**4/8 + y**3/6 + 115*y**2. What is s(3)?
28
Let u be (15/5 - 2)*9/(-9). Let z(c) = -44*c. Give z(u).
44
Let c be (-15)/(-9) + 3/9. Suppose -c*a + 3*a = 37. Let r = -39 + a. Let g(y) = y**3 + 4*y**2 + 4*y + 2. Determine g(r).
2
Suppose -z + 4*z - 9 = 0. Suppose -2 - 1 = z*f. Let i(g) be the first derivative of 7*g**3/3 + g**2/2 + 2. Calculate i(f).
6
Let f(a) = -a**3 + 3*a**2 + 3*a. Let y be (2/2)/((-61)/(-30) - 2). Let h = y + -27. Give f(h).
9
Let a(p) = -137 + 143 - p**2 - 6*p + 2*p**2. What is a(5)?
1
Suppose 7*f = -2*f + 45. Let z(m) = -m**3 + 3*m**2 + 6*m + 5. Determine z(f).
-15
Let s = 18 + -13. Suppose -q - 2 = 0, 4*p - s + 23 = 3*q. Let j be 8/p*24/(-32). Let x(n) = 5*n - 1. Determine x(j).
4
Let k(o) be the second derivative of o**5/120 - o**4/6 + o**3 - 17*o. Let t(v) be the second derivative of k(v). What is t(7)?
3
Let p(z) be the second derivative of z**4/6 - z**3/6 - z**2/2 + 2*z. Let i be -1 + 8 + -6*2/(-3). Suppose -9 = -b - i. Calculate p(b).
9
Suppose 0 = 6*t - 24*t - 72. Let h(q) be the second derivative of 3/2*q**2 + 0 - 1/4*q**4 - 2*q + 5/6*q**3 - 1/20*q**5. Determine h(t).
-1
Let q(x) be the second derivative of 2*x**2 + 7*x - 5/6*x**3 + 0. Suppose 3*o - 5*p + 37 = 7*o, 0 = o - 3*p + 12. Give q(o).
-11
Let j(n) = n**2 - 8*n - 5. Let g be (48/(-40))/(9/(-30)). Suppose 2 = g*o - 26. Give j(o).
-12
Let r(n) = -n - 11*n**2 + 2*n**2 + 2*n. Suppose -2*u = 2*g + 3*g + 6, 0 = -2*u - 4*g - 4. Suppose -3 = u*y - 1. Determine r(y).
-10
Let q = 10 - -5. Suppose -q = -a + 3*r - 6*r, -2*a = -5*r + 3. Let f(l) = -2 + 2 - l - a*l. What is f(1)?
-7
Let u(x) = -3*x**2 + 3*x - 2. Let y be 2 + ((-3)/(-3 - 0))/(-1). Give u(y).
-2
Let g(q) = -3*q**2 - 4*q - 1. Let u = -9 - -23. Suppose 4*m = -0*r - r - u, 0 = -2*m - 5*r - 16. What is g(m)?
-16
Let f(s) = s**2 - 6*s - 7. Let x be 6/(-4)*(-3)/(-9)*-8. Suppose -3*t = 4*w - 30, -x = w - 5*t - 0. Determine f(w).
-7
Let i = -111 - -51. Let w be (-2)/3*i/8. Let j(c) = c**2 - 6*c - 2. Determine j(w).
-7
Let o(x) be the second derivative of x**5/20 + 5*x**4/12 + x**3/2 + 3*x**2/2 + 2*x + 50. What is o(-4)?
7
Let t(l) = -2*l - 9. Let m(u) = u**2 - 2*u + 5. Let x = 2 + 2. Let v be m(x). Suppose 2*s - 5*j - v = 0, 4 = -s + j + 3. Calculate t(s).
3
Let i be (-4 + 5)*(-2 + 6). Suppose 6*v - 3*v = -2*w - i, w - 4*v = 20. Let b(z) = -1. Let t(o) = o + 2. Let l(q) = -4*b(q) - t(q). Calculate l(w).
-2
Suppose 0 = -s + 3*d - 6, -s = 4*d + 8 - 23. Let l(g) be the third derivative of -g**4/24 - g**3/2 + 55*g**2. Determine l(s).
-6
Suppose -j + 4*x = -x, 0 = 4*j - 5*x. Let g(o) = -o + 1. Let l(d) = -1 - 8*d + 12*d + 3. Let r(h) = -3*g(h) - l(h). What is r(j)?
-5
Let f(m) = -18*m + m**2 - 5*m**2 + 19*m. Calculate f(-1).
-5
Let w(o) = -3*o**2 - o - 1. Let y = -5 - 1. Let h be ((-5)/(-15) + 14/y)/2. What is w(h)?
-3
Suppose -3 = -u - 4*a, 3*u + a + 4*a = 9. Suppose 6*g - 9*g + u = 0. Let b(q) = -2*q**2 + 1. Determine b(g).
-1
Let q(t) be the third derivative of -t**4/24 + t**3/6 - 4*t**2. Let u be (-3)/(3/(-5)) + 1. What is q(u)?
-5
Let r(f) be the first derivative of f**3/3 + f**2 - f - 3. Determine r(-2).
-1
Suppose 2*s + 6 = r, 2*r = -3*s + 11 + 29. Let v = -8 + r. Let b = 10 - v. Let z(g) = g**2 - 6*g + 6. Determine z(b).
-2
Let q(h) = -h**3 - 7*h**2 - 7*h + 2. Let v be 20/(-25) - (-6)/(-5). Let c(r) be the second derivative of -r**4/4 - r**3/2 - 3*r. Let a be c(v). Give q(a).
8
Let x(h) = h**3 + 4*h**2 - h - 2. Let o = 11 + -17. Suppose 0 = -y - 199 + 214. Let t be ((-8)/o)/((-10)/y). Determine x(t).
8
Let p(z) = 2*z - 1. Let g(m) = 4*m + 2. Let o(n) = g(n) - p(n). Determine o(0).
3
Let g(y) = -y**3 - 10*y**2 - 9*y + 6. Suppose 3*m - 4*x - 140 = -m, -x = -3*m + 97. Suppose -f - n = -3*f - 17, -5*n + m = -4*f. What is g(f)?
6
Let p = -135 - -138. Let r(h) = -p*h + 4*h + 9 + 2. What is r(0)?
11
Suppose 3*m + 4 = 4*q + 20, 0 = -5*q + 2*m - 20. Let y(c) be the first derivative of -c**2 + 3*c + 1. Give y(q).
11
Suppose -3*h + 20 - 2 = 0. Suppose -h = -3*n, 1 = x + 2*x - n. Let t(l) = -4*l**3 - l. Let s(d) = -d**2. Let p(y) = -2*s(y) + t(y). Determine p(x).
-3
Suppose -3*h + 4*h = -h. Let q(n) = n**2 + n**3 - 7 - 5*n + 4*n + 2*n. Give q(h).
-7
Suppose -4*s = -2*s. Suppose -k - 2*k = s. Let n(c) = -7*c**2 + 7*c + 1. Let w(y) = 4*y**2 - 4*y. Let o(f) = -3*n(f) - 5*w(f). What is o(k)?
-3
Let b(i) = -i**2 + 8*i + 11. Let p be b(9). Let r(n) = -2*n**2 + 12*n - 19. Let h(y) = -y**2 + 6*y - 9. Let c(s) = p*r(s) - 5*h(s). Calculate c(5).
2
Let l(j) be the third derivative of j**5/60 - 11*j**4/24 + 11*j**3/6 + 32*j**2. Give l(8).
-13
Let s(c) = 15*c + 0*c + c**2 - 12*c + 1. Determine s(5).
41
Let m(v) = v**3 + 6*v**2 + 6*v + 4. Let a(b) = b - 14. Let z = 10 - 9. Let i be (z - -8)/((-2)/(-2)). Let x be a(i). Calculate m(x).
-1
Let g(b) = 5*b + 8. Let m(v) = v + 1. Let k(n) = g(n) - 6*m(n). Suppose -3*c = -4*d + 14, -14 = d - 6*d + 2*c. Let z be (35/(-10) + d)*-4. Give k(z).
-4
Let p(s) be the second derivative of s**5/20 - s**4/3 + s**3/3 - s**2 + 2*s + 86. What is p(3)?
-5
Let r(s) be the second derivative of s**5/20 + 3*s**4/4 + 5*s**3/3 + 10*s**2 - s + 26. What is r(-8)?
4
Let l(c) = 8*c - 113*c**3 + 5*c**2 - 15 + 112*c**3 + 3*c**2. Give l(9).
-24
Let j(p) = -3*p**3 + 12*p**2 + 4*p - 1. Let q(c) = -8*c**3 + 34*c**2 + 11*c - 3. Let m(a) = 11*j(a) - 4*q(a). Determine m(-2).
-7
Let s(a) = a + 0*a**3 + a**2 - 8 - 3*a**3 + 2*a**3. Suppose -2*w + 5*c = 15, 6*c = w + 9*c - 9. Determine s(w).
-8
Let n(a) = a - 6. Let j(i) = -i + 3. Let x(f) = 13*j(f) + 6*n(f). Let z(q) = q - 7. Let t be z(-4). Let y = 13 + t. Calculate x(y).
-11
Let a(w) = -194*w + 97*w - 1 - 4 + 2 + 101*w. Calculate a(-5).
-23
Let i = 2 + -2. Let w(c) = 2*c + 116. Let f(v) = v + 52. Let g(j) = 9*f(j) - 4*w(j). Determine g(i).
4
Suppose 4*o = -4*x + 4, x + 3*o - 6*o - 1 = 0. Let r be (-4)/((-2 - -2) + x - 2). Let t(g) = 4*g - 6. Give t(r).
10
Let v(b) = -11*b - 8. Let i(p) = -10*p - 7. Let h(r) = -6*i(r) + 5*v(r). Let d(k) = -k**2 - 8*k - 18. Let j be d(-4). Give h(j).
-8
Let f(b) = -5*b**2 + 2*b + 2. Let h(o) = o + 1. Let g(n) = -n**2 - n - 1. Let q(s) = -g(s) - h(s). Let y(z) = f(z) + 4*q(z). Calculate y(-2).
-6
Let q(s) = 9*s + 15. Let r(u) = -25*u - 45. Let j(n) = 11*q(n) + 4*r(n). Give j(-10).
-5
Suppose -4*t = -23 + 11. Suppose -5*c + t*f = 38, -4*c + f - 29 = -0*c. Let l(r) = 0*r**2 - r - r**2 + 9 - 5*r. Determine l(c).
2
Let r(m) = 17*m - 2. Suppose -2*b + 5 = -7*b, -2*b = 5*n + 12. Give r(n).
-36
Let f(p) = p**3 - 2*p**2 - 3*p + 1. Let m(g) = -g**3 - 7*g**2 + 6*g - 10. Suppose -2*y = -3*y - 8. Let q be m(y). Suppose 14 = q*r + r. Calculate f(r).
-5
Let n(h) be the third derivative of -h**5/60 + h**4/8 + 5*h**3/6 - 9*h**2. Give n(4).
1
Let p(